{"id":31,"date":"2024-03-24T16:09:58","date_gmt":"2024-03-24T16:09:58","guid":{"rendered":"https:\/\/cemreakademi.com\/?page_id=31"},"modified":"2024-07-01T15:07:21","modified_gmt":"2024-07-01T15:07:21","slug":"iletisim","status":"publish","type":"page","link":"https:\/\/cemreakademi.com\/index.php\/iletisim\/","title":{"rendered":"\u0130leti\u015fim"},"content":{"rendered":"\n<p class=\"has-brown-color has-text-color has-link-color has-medium-font-size wp-elements-dc8e8cebc892601f51883a8399476510\">Emek Mah. K\u0131r\u0131m Cad. (10.Cad.) \u00d6zta\u015f Bloklar\u0131 Ankara<\/p>\n\n\n\n<p class=\"has-brown-color has-text-color has-link-color has-medium-font-size wp-elements-1976adc1481577edbc139383f7d18694\">Tel: 530 716 02 24<\/p>\n\n\n\n<figure class=\"wp-block-gallery has-nested-images columns-default is-cropped wp-block-gallery-1 is-layout-flex wp-block-gallery-is-layout-flex\">\n<figure class=\"wp-block-image size-large\"><img loading=\"lazy\" decoding=\"async\" width=\"1024\" height=\"1024\" data-id=\"71\" src=\"https:\/\/cemreakademi.com\/wp-content\/uploads\/2024\/05\/pngwing.com-1.png\" alt=\"\" class=\"wp-image-71\" srcset=\"https:\/\/cemreakademi.com\/wp-content\/uploads\/2024\/05\/pngwing.com-1.png 1024w, https:\/\/cemreakademi.com\/wp-content\/uploads\/2024\/05\/pngwing.com-1-300x300.png 300w, https:\/\/cemreakademi.com\/wp-content\/uploads\/2024\/05\/pngwing.com-1-150x150.png 150w, https:\/\/cemreakademi.com\/wp-content\/uploads\/2024\/05\/pngwing.com-1-768x768.png 768w\" sizes=\"auto, (max-width: 1024px) 100vw, 1024px\" \/><\/figure>\n<\/figure>\n","protected":false},"excerpt":{"rendered":"<p>Emek Mah. K\u0131r\u0131m Cad. (10.Cad.) \u00d6zta\u015f Bloklar\u0131 Ankara Tel: 530 716 02 24<\/p>\n","protected":false},"author":1,"featured_media":0,"parent":0,"menu_order":0,"comment_status":"closed","ping_status":"closed","template":"","meta":{"om_disable_all_campaigns":false,"_monsterinsights_skip_tracking":false,"_monsterinsights_sitenote_active":false,"_monsterinsights_sitenote_note":"","_monsterinsights_sitenote_category":0,"footnotes":""},"class_list":["post-31","page","type-page","status-publish","hentry"],"aioseo_notices":[],"jetpack_sharing_enabled":true,"_links":{"self":[{"href":"https:\/\/cemreakademi.com\/index.php\/wp-json\/wp\/v2\/pages\/31","targetHints":{"allow":["GET"]}}],"collection":[{"href":"https:\/\/cemreakademi.com\/index.php\/wp-json\/wp\/v2\/pages"}],"about":[{"href":"https:\/\/cemreakademi.com\/index.php\/wp-json\/wp\/v2\/types\/page"}],"author":[{"embeddable":true,"href":"https:\/\/cemreakademi.com\/index.php\/wp-json\/wp\/v2\/users\/1"}],"replies":[{"embeddable":true,"href":"https:\/\/cemreakademi.com\/index.php\/wp-json\/wp\/v2\/comments?post=31"}],"version-history":[{"count":4,"href":"https:\/\/cemreakademi.com\/index.php\/wp-json\/wp\/v2\/pages\/31\/revisions"}],"predecessor-version":[{"id":131,"href":"https:\/\/cemreakademi.com\/index.php\/wp-json\/wp\/v2\/pages\/31\/revisions\/131"}],"wp:attachment":[{"href":"https:\/\/cemreakademi.com\/index.php\/wp-json\/wp\/v2\/media?parent=31"}],"curies":[{"name":"wp","href":"https:\/\/api.w.org\/{rel}","templated":true}]}}