{"id":19,"date":"2024-03-24T15:27:26","date_gmt":"2024-03-24T15:27:26","guid":{"rendered":"https:\/\/cemreakademi.com\/?page_id=19"},"modified":"2025-09-18T11:09:40","modified_gmt":"2025-09-18T11:09:40","slug":"anasayfa","status":"publish","type":"page","link":"https:\/\/cemreakademi.com\/index.php\/anasayfa\/","title":{"rendered":"Yemek Men\u00fcm\u00fcz"},"content":{"rendered":"\n<p class=\"has-text-align-center\"><\/p>\n\n\n\n<p class=\"has-text-align-center has-brown-color has-text-color has-link-color has-medium-font-size wp-elements-a0e885c75798f01fed15f0d724196ee8\">Men\u00fcm\u00fczde \u00e7ocuklar\u0131m\u0131z\u0131n ihtiyac\u0131 olan protein, karbonhidrat ve ya\u011f dengesine dikkat etmekteyiz. Men\u00fclerimizde kulland\u0131\u011f\u0131m\u0131z sebzelerimizi, her Sal\u0131 semt pazar\u0131m\u0131zdan alarak taze taze pi\u015firmekteyiz. Ye\u015fil fasulye, bezelye gibi sebzelerimizi ise k\u0131\u015f i\u00e7in imece usul\u00fc haz\u0131rlamaktay\u0131z. Domateslerimizi, biberlerimizi ise kendi bah\u00e7emizden toplay\u0131p, k\u0131\u015f i\u00e7in haz\u0131rlamaktay\u0131z. Hem sa\u011fl\u0131kl\u0131 hem de leziz \u00f6\u011f\u00fcnler ile \u00e7ocuklar\u0131m\u0131z\u0131n geli\u015fimine \u00f6nem vermekteyiz.<\/p>\n\n\n\n    <h3 class=\"wpdt-c\"\n        id=\"wdt-table-title-1\">Haftal\u0131k Yemek Men\u00fcm\u00fcz<\/h3>\n<div class=\"wpdt-c row wpDataTableContainerSimpleTable wpDataTables wpDataTablesWrapper\n\"\n    >\n        <table id=\"wpdtSimpleTable-1\"\n           style=\"border-collapse:collapse;\n                   border-spacing:0px;\"\n           class=\"wpdtSimpleTable wpDataTable\"\n           data-column=\"5\"\n           data-rows=\"3\"\n           data-wpID=\"1\"\n           data-responsive=\"0\"\n           data-has-header=\"0\">\n\n                    <tbody>        <tr class=\"wpdt-cell-row \" >\n                                <td class=\"wpdt-cell wpdt-bold wpdt-tc-F44336\"\n                                            data-cell-id=\"A1\"\n                    data-col-index=\"0\"\n                    data-row-index=\"0\"\n                    style=\" width:20%;                    padding:10px;\n                    \"\n                    >\n                                        13.04.2026                    <\/td>\n                                                <td class=\"wpdt-cell wpdt-tc-F44336 wpdt-bold\"\n                                            data-cell-id=\"B1\"\n                    data-col-index=\"1\"\n                    data-row-index=\"0\"\n                    style=\" width:20%;                    padding:10px;\n                    \"\n                    >\n                                        14.04.2026                    <\/td>\n                                                <td class=\"wpdt-cell wpdt-tc-F44336 wpdt-bold\"\n                                            data-cell-id=\"C1\"\n                    data-col-index=\"2\"\n                    data-row-index=\"0\"\n                    style=\" width:20%;                    padding:10px;\n                    \"\n                    >\n                                        15.04.2026                    <\/td>\n                                                <td class=\"wpdt-cell wpdt-bold wpdt-tc-F44336\"\n                                            data-cell-id=\"D1\"\n                    data-col-index=\"3\"\n                    data-row-index=\"0\"\n                    style=\" width:20%;                    padding:10px;\n                    \"\n                    >\n                                        16.04.2026                    <\/td>\n                                                <td class=\"wpdt-cell wpdt-bold wpdt-tc-F44336\"\n                                            data-cell-id=\"E1\"\n                    data-col-index=\"4\"\n                    data-row-index=\"0\"\n                    style=\" width:20%;                    padding:10px;\n                    \"\n                    >\n                                        17.04.2026                    <\/td>\n                                        <\/tr>\n                            <tr class=\"wpdt-cell-row \" >\n                                <td class=\"wpdt-cell wpdt-tc-F6F6EE wpdt-bc-3F51B5\"\n                                            data-cell-id=\"A2\"\n                    data-col-index=\"0\"\n                    data-row-index=\"1\"\n                    style=\"                    padding:10px;\n                    \"\n                    >\n                                        yayla \u00e7orbas\u0131, lazanya, f\u0131r\u0131nda patates, ayran, mevsim meyvesi                    <\/td>\n                                                <td class=\"wpdt-cell wpdt-tc-F6F6EE wpdt-bc-3F51B5\"\n                                            data-cell-id=\"B2\"\n                    data-col-index=\"1\"\n                    data-row-index=\"1\"\n                    style=\"                    padding:10px;\n                    \"\n                    >\n                                        etli kabak dolmas\u0131, sal\u00e7al\u0131 makarna, yo\u011furt, mevsim meyvesi                    <\/td>\n                                                <td class=\"wpdt-cell wpdt-bc-3F51B5 wpdt-tc-F6F6EE wpdt-align-center\"\n                                            data-cell-id=\"C2\"\n                    data-col-index=\"2\"\n                    data-row-index=\"1\"\n                    style=\"                    padding:10px;\n                    \"\n                    >\n                                        k\u0131ymal\u0131 karnabahar, bulgur pilav\u0131, yo\u011furt, mevsim meyvesi                    <\/td>\n                                                <td class=\"wpdt-cell wpdt-bc-3F51B5 wpdt-tc-F6F6EE wpdt-align-center wpdt-bold\"\n                                            data-cell-id=\"D2\"\n                    data-col-index=\"3\"\n                    data-row-index=\"1\"\n                    style=\"                    padding:10px;\n                    \"\n                    >\n                                        patates yeme\u011fi, pirin\u00e7 pilav\u0131, yo\u011furt, mevsim meyvesi                    <\/td>\n                                                <td class=\"wpdt-cell wpdt-tc-F6F6EE wpdt-bc-3F51B5 wpdt-align-center\"\n                                            data-cell-id=\"E2\"\n                    data-col-index=\"4\"\n                    data-row-index=\"1\"\n                    style=\"                    padding:10px;\n                    \"\n                    >\n                                        mercimek \u00e7orbas\u0131, k\u00f6ri soslu tavuk, sade makarna, ayran, mevsim meyvesi                    <\/td>\n                                        <\/tr>\n                            <tr class=\"wpdt-cell-row \" >\n                                <td class=\"wpdt-cell wpdt-bc-00BCD4 wpdt-bold wpdt-tc-101010\"\n                                            data-cell-id=\"A3\"\n                    data-col-index=\"0\"\n                    data-row-index=\"2\"\n                    style=\"                    padding:10px;\n                    \"\n                    >\n                                        \u00e7ikolatal\u0131 kruvasan                    <\/td>\n                                                <td class=\"wpdt-cell wpdt-tc-101010 wpdt-bold wpdt-bc-00BCD4\"\n                                            data-cell-id=\"B3\"\n                    data-col-index=\"1\"\n                    data-row-index=\"2\"\n                    style=\"                    padding:10px;\n                    \"\n                    >\n                                        simit kurabiye                    <\/td>\n                                                <td class=\"wpdt-cell wpdt-tc-101010 wpdt-bold wpdt-bc-00BCD4\"\n                                            data-cell-id=\"C3\"\n                    data-col-index=\"2\"\n                    data-row-index=\"2\"\n                    style=\"                    padding:10px;\n                    \"\n                    >\n                                        portakall\u0131 kek                    <\/td>\n                                                <td class=\"wpdt-cell wpdt-bc-00BCD4 wpdt-tc-101010 wpdt-bold\"\n                                            data-cell-id=\"D3\"\n                    data-col-index=\"3\"\n                    data-row-index=\"2\"\n                    style=\"                    padding:10px;\n                    \"\n                    >\n                                        mercimek k\u00f6ftesi                    <\/td>\n                                                <td class=\"wpdt-cell wpdt-tc-101010 wpdt-bold wpdt-bc-00BCD4\"\n                                            data-cell-id=\"E3\"\n                    data-col-index=\"4\"\n                    data-row-index=\"2\"\n                    style=\"                    padding:10px;\n                    \"\n                    >\n                                        elmal\u0131 kurabiye                    <\/td>\n                                        <\/tr>\n                    <\/table>\n<\/div><style id='wpdt-custom-style-1'>\n.wpdt-tc-F44336 { color: #F44336 !important;}\n.wpdt-tc-F6F6EE { color: #F6F6EE !important;}\n.wpdt-bc-3F51B5 { background-color: #3F51B5 !important;}\n.wpdt-bc-00BCD4 { background-color: #00BCD4 !important;}\n.wpdt-tc-101010 { color: #101010 !important;}\n<\/style>\n\n\n\n\n<div class=\"wp-block-columns is-layout-flex wp-container-core-columns-is-layout-9d6595d7 wp-block-columns-is-layout-flex\">\n<div class=\"wp-block-column is-layout-flow wp-block-column-is-layout-flow\" style=\"flex-basis:50000px\"><\/div>\n<\/div>\n","protected":false},"excerpt":{"rendered":"<p>Men\u00fcm\u00fczde \u00e7ocuklar\u0131m\u0131z\u0131n ihtiyac\u0131 olan protein, karbonhidrat ve ya\u011f dengesine dikkat etmekteyiz. Men\u00fclerimizde kulland\u0131\u011f\u0131m\u0131z sebzelerimizi, her Sal\u0131 semt pazar\u0131m\u0131zdan alarak taze taze pi\u015firmekteyiz. Ye\u015fil fasulye, bezelye gibi sebzelerimizi ise k\u0131\u015f i\u00e7in imece usul\u00fc haz\u0131rlamaktay\u0131z. Domateslerimizi, biberlerimizi ise kendi bah\u00e7emizden toplay\u0131p, k\u0131\u015f i\u00e7in haz\u0131rlamaktay\u0131z. Hem sa\u011fl\u0131kl\u0131 hem de leziz \u00f6\u011f\u00fcnler ile \u00e7ocuklar\u0131m\u0131z\u0131n [&hellip;]<\/p>\n","protected":false},"author":1,"featured_media":0,"parent":0,"menu_order":0,"comment_status":"closed","ping_status":"closed","template":"","meta":{"om_disable_all_campaigns":false,"_monsterinsights_skip_tracking":false,"_monsterinsights_sitenote_active":false,"_monsterinsights_sitenote_note":"","_monsterinsights_sitenote_category":0,"footnotes":""},"class_list":["post-19","page","type-page","status-publish","hentry"],"aioseo_notices":[],"jetpack_sharing_enabled":true,"_links":{"self":[{"href":"https:\/\/cemreakademi.com\/index.php\/wp-json\/wp\/v2\/pages\/19","targetHints":{"allow":["GET"]}}],"collection":[{"href":"https:\/\/cemreakademi.com\/index.php\/wp-json\/wp\/v2\/pages"}],"about":[{"href":"https:\/\/cemreakademi.com\/index.php\/wp-json\/wp\/v2\/types\/page"}],"author":[{"embeddable":true,"href":"https:\/\/cemreakademi.com\/index.php\/wp-json\/wp\/v2\/users\/1"}],"replies":[{"embeddable":true,"href":"https:\/\/cemreakademi.com\/index.php\/wp-json\/wp\/v2\/comments?post=19"}],"version-history":[{"count":15,"href":"https:\/\/cemreakademi.com\/index.php\/wp-json\/wp\/v2\/pages\/19\/revisions"}],"predecessor-version":[{"id":314,"href":"https:\/\/cemreakademi.com\/index.php\/wp-json\/wp\/v2\/pages\/19\/revisions\/314"}],"wp:attachment":[{"href":"https:\/\/cemreakademi.com\/index.php\/wp-json\/wp\/v2\/media?parent=19"}],"curies":[{"name":"wp","href":"https:\/\/api.w.org\/{rel}","templated":true}]}}